(q) = -q - 8. Let k be a(-12). Let i = 3 + k. Suppose -12*u + i*u + 20 = 0. What are the prime factors of u?
2
Suppose 0 = 5*k - 19 - 346. What are the prime factors of k?
73
Suppose -3*i + 8 = -1. Let p = 38 - i. List the prime factors of p.
5, 7
Suppose 3*m - 5*p + 7 = 0, -p - 23 = -3*m - 2*p. List the prime factors of 2/m*(0 - -9).
3
Let q be 2 - (2 + 1 + -2). Let p(a) = 2*a + 1. Let u be p(q). Suppose 8*l = u*l + 65. What are the prime factors of l?
13
What are the prime factors of 241 + 0 - (-9)/(-9)?
2, 3, 5
Let m(a) = -4*a**2 - 4*a - 2. Let s be m(-3). List the prime factors of 3*s/18*-3.
13
Suppose 16 = 3*t + 5*j, -9 - 3 = -2*t - 4*j. Suppose -c + 0*b + 4*b + 11 = 0, 2*c - t*b = 10. List the prime factors of c.
3
Suppose h + 1 = o - 2, -5*o = h - 9. Suppose 6*a + 7 = 2*m + 5*a, -o*a + 31 = 5*m. List the prime factors of m.
5
Let v(d) = d**2 + 2*d. Let w be v(-3). Suppose k = -w + 24. What are the prime factors of k?
3, 7
Let l(h) = -h + 6. Let v be l(4). Suppose -5*y + 4 = v*i - 2, -4*i + 12 = -5*y. Suppose -i*k = 2*k - 40. What are the prime factors of k?
2
Suppose 5*j - 4*j = 108. List the prime factors of j.
2, 3
Let a be -4*(2 + (-21)/(-12)). List the prime factors of a/((-6)/4 + 0).
2, 5
Suppose 2*c = -5*o + 959, -4*o + c - 3*c + 768 = 0. List the prime factors of o.
191
Let r = -7 + 25. What are the prime factors of 2 + r/(3 - 2)?
2, 5
Suppose -6*p - 480 = -2*s - 3*p, -s + 235 = -4*p. List the prime factors of s.
3
Let b be 2/(2/(-6)*-3). Suppose -s = -b*s. Suppose s*n + 20 = 4*n. What are the prime factors of n?
5
Suppose -53 + 125 = -4*s. Let p = s - -28. List the prime factors of p.
2, 5
Let w be ((-28)/(-10))/(7/(-35)). Let q = -4 - w. What are the prime factors of q?
2, 5
Let f(l) be the first derivative of 4*l**3/3 - 5*l**2/2 + 3*l - 4. Let x be f(6). Suppose 0 = -5*z - 22 + x. List the prime factors of z.
19
Let o(j) = -j**2 + 30*j + 28. List the prime factors of o(25).
3, 17
Let o(s) = -s**3 + 7*s**2 - s - 3. Let w be o(5). Suppose 0 = 4*i - t - w, 9 = 3*i - t - 22. What are the prime factors of i?
11
Let f be (-4 - 17)*(-2)/3. Suppose -2*u = 2*u - 2*c - f, -14 = -3*u - 2*c. Suppose 2*d + 12 - 4 = h, 0 = -u*h + 5*d + 47. What are the prime factors of h?
2, 3
Suppose -235 + 19 = -3*k. List the prime factors of k.
2, 3
Let q(u) = 3*u**2 + 23*u - 16. Let a(g) = -g**2 - 8*g + 5. Let s(k) = 17*a(k) + 6*q(k). What are the prime factors of s(-8)?
37
Let c(y) = 152*y + 7. What are the prime factors of c(1)?
3, 53
Let h(m) = m**2 + m + 18. Suppose 0 = w - 5*w. List the prime factors of h(w).
2, 3
Let y(s) = -25*s - 2. List the prime factors of y(-5).
3, 41
Let p be (-15)/(-5) + (8 - -1). Suppose -3*j = 2*y - 0*j - 22, p = -3*j. What are the prime factors of y?
17
Let l(q) = -2*q**2 + q**2 - 3 + q**3 + 4 + 5*q. List the prime factors of l(3).
2, 17
Let t(d) = 4*d**2 - d - 1. Let m be t(-1). Suppose -m*k - 3 = w, 4*k + 55 = 2*w + w. What are the prime factors of w?
13
Suppose -55 = -5*c + 2*d, -5*c + 46 = -c - 2*d. What are the prime factors of c?
3
Let v(i) = 13*i**2 + i - 3. What are the prime factors of v(5)?
3, 109
Suppose -3*w + 4*z = 48 - 144, -2*w + 2*z + 64 = 0. List the prime factors of w.
2
Suppose 0 = 2*g + v - 35, -4*g + 8*v = 4*v - 64. List the prime factors of g.
17
Let z = -283 + 408. List the prime factors of z.
5
Suppose -2*q + 5*q - 36 = 0. Suppose 2*r - 6 = r. Let i = q - r. List the prime factors of i.
2, 3
Let s = 37 + -21. Suppose -5*g + 4 + s = 0, 5*l - 47 = 2*g. List the prime factors of l.
11
Let c be (-55)/22*8/(-10). Suppose -c*g = 2*m - 76 + 26, 2*g + 55 = 3*m. What are the prime factors of m?
3, 7
Let y(m) = -m**2 - 12*m - 13. Let o be y(-10). Suppose 0*q = q. Suppose -3*t + o + 2 = q. What are the prime factors of t?
3
Suppose -4*v + 44 = g + v, 0 = 5*v - 15. Suppose -u + 6 = -i, -4*i + 0*i + 5*u - g = 0. List the prime factors of 10 - (4 + -2 + i).
3
Let u = -6 - -20. Let n = u + 8. List the prime factors of n.
2, 11
Let s(t) = t**2 + t - 4. Let y be s(0). What are the prime factors of y/(-6) - (-31)/3?
11
Let n(d) = d. Let g(y) = 2*y. Let a(z) = 3*g(z) - 5*n(z). Let p be a(3). Suppose 2*t = -4*j + 10, p*j - 3 + 6 = 0. List the prime factors of t.
7
Let s = -78 + 109. What are the prime factors of s?
31
Suppose 2*d + 5*o + 112 + 73 = 0, 70 = -d + 5*o. Let n = -48 - d. What are the prime factors of n?
37
Suppose -7*k = 4*b - 3*k, k + 30 = 5*b. Let n(l) = 3*l + 7. Let q be n(b). Suppose 5 = -5*i, 2*i = 5*j - 0*i - q. What are the prime factors of j?
2
Let b = -59 + 92. Let m(z) = -z**3 + 5*z**2 + z - 2. Let g be m(5). Suppose b = -0*o + g*o. List the prime factors of o.
11
Let y be (-1)/(((-2)/14)/1). Let n(c) = -4*c**2 + 2 + c**3 + 3*c - y + 0*c**3. List the prime factors of n(4).
7
Let a(k) = -13*k - 23. What are the prime factors of a(-8)?
3
Let p(k) = k**3 - 8*k**2 + 13*k - 11. What are the prime factors of p(8)?
3, 31
Let l be 0 + 1 - (-3 + 16). Let c(d) = -d**2 - 13*d - 3. List the prime factors of c(l).
3
Let b = -6 + 8. Suppose b = -2*f - 26. What are the prime factors of (-12)/f*(0 + 7)?
2, 3
Suppose 4*k + 10 = -2*p, -24 + 1 = -5*p + 2*k. Suppose -p*n - 3 + 9 = 0. List the prime factors of 2/((-2)/((-24)/n)).
2, 3
Let w(o) = 4*o - 1. Let i(h) = 1. Let m(b) = 4*i(b) + w(b). Suppose 20 = -7*z + 12*z. What are the prime factors of m(z)?
19
Suppose -1 - 84 = -5*a - 5*i, -40 = -4*a + 3*i. Suppose 0 = 2*r - a - 1. What are the prime factors of r?
7
Let z = 303 + -61. List the prime factors of z/10 + 3/(-15).
2, 3
Let k(a) = -23*a + 1. List the prime factors of k(-3).
2, 5, 7
Suppose r - 2*r - 5 = -4*b, 4*r = b + 10. Suppose -3*q = -f - 3, 2 = -b*q - 5*f - 13. Suppose q = -4*x - x + 10. What are the prime factors of x?
2
Let z be 4/16 - 25/4. List the prime factors of (2/z)/(3/(-135)).
3, 5
Let b(k) = -25*k**3 - 2*k - 1. List the prime factors of b(-1).
2, 13
Let f = 12 - 4. Suppose -3*i - f = i. What are the prime factors of 21 - i - 9/3?
2, 5
Let i(n) = -n**3 + 12*n**2 + 6*n - 16. List the prime factors of i(9).
281
Let n(q) be the third derivative of -q**5/60 + q**4/24 + 3*q**3/2 - 9*q**2. Let l be 4/(-14) + (-2)/(-7). What are the prime factors of n(l)?
3
Let p = 7 - 3. Suppose -p*u + 57 = 9. What are the prime factors of u?
2, 3
Let m = 6 - 0. Let x = m + -12. Let g(u) = u**3 + 6*u**2 - 2*u - 9. What are the prime factors of g(x)?
3
Suppose 5*a = 17 + 183. List the prime factors of a.
2, 5
Let q = 1 + 4. Suppose 3*x + 5 = -0*x + q*u, -u + 1 = 3*x. Suppose x = 2*m + r - 31, 3*r + 1 = -14. What are the prime factors of m?
2, 3
Suppose 7*r = 2*r, 0 = v - 5*r - 171. List the prime factors of v.
3, 19
Let d be (54/8)/((-12)/64). List the prime factors of d/(-21)*(-7)/(-2).
2, 3
Let a(v) = -v - 16. Let l(b) = -b + 1. Let f(p) = -a(p) - l(p). Let g(c) = -c - 15. Let t(q) = -2*f(q) - 3*g(q). What are the prime factors of t(7)?
2
Let r be (-1)/(0 - 1/2). Suppose -2*c = 2*f, 0*f - 3*f - 4 = c. Let y = r + c. List the prime factors of y.
2
Let h = 30 - -8. List the prime factors of h.
2, 19
Suppose -2*v = -6*v - 220. List the prime factors of (-6)/(-9) + v/(-3).
19
Suppose 1 - 3 = -2*h. Suppose -5 + h = -z. What are the prime factors of z?
2
Suppose 0*c = 4*a - 2*c - 28, 3*a - 20 = 2*c. What are the prime factors of a?
2
List the prime factors of -3 + (-1)/(1/(-25)).
2, 11
Suppose -9*g = -6*g - 6, -306 = -f + 5*g. What are the prime factors of f?
2, 79
Let y(k) = -k**3 - 8*k**2 + 8*k + 5. Suppose 0 = 5*f + n + n + 45, n = 0. List the prime factors of y(f).
2, 7
Let o(r) = r**2 - r - 2. Let p be o(-2). Let h be (-2)/p*(3 + -67). Let n = -21 + h. List the prime factors of n.
11
Let m be (-7)/((-21)/30) - 0. Suppose m = -3*b + 64. What are the prime factors of b?
2, 3
Let z = 78 + -42. Suppose 0 = p - 3*m - z, 0*p + 5*m - 61 = -2*p. Suppose -5*f + 2*f = -p. List the prime factors of f.
11
Suppose 24 = -3*g + 6*g - t, 3*t = -4*g + 45. Suppose f = -l + 6, -f - g = 5*l - 39. What are the prime factors of l?
2, 3
Let p be ((-6)/(-9))/((-2)/(-111)). Let o = 53 - p. List the prime factors of o.
2
List the prime factors of (-4)/((-159)/51 + 3).
2, 17
Let t(j) = 24*j - 10. List the prime factors of t(8).
2, 7, 13
Suppose 36 + 8 = 2*y. What are the prime factors of y?
2, 11
Let f be (2/(-3))/((-2)/219). Suppose -h 